(-3)/9)/((-10)/300). Suppose 0 = v*u - 9*u - 142. What is the units digit of u?
2
Let v(z) = -z**3 - 6*z**2 - 3*z + 3. Let m be v(-6). Suppose 3*w + 15 = 2*x, 4*x - 4*w = 5*x - 2. Let b = x + m. What is the units digit of b?
7
Let d = -5 - -22. Let g = -12 + d. Suppose 0*y - 41 = -y - g*i, 33 = 3*y - 3*i. What is the units digit of y?
6
Let q be (-4)/(-8)*-2*-51. Suppose q = 2*v - 1. What is the tens digit of v?
2
Suppose -5*g + 691 + 184 = 0. What is the tens digit of g?
7
Suppose -3*v = 5*n - 14855, -n = v - 6*v - 2943. What is the units digit of n?
8
Let x = 49 + -52. What is the units digit of (-2)/9 - (x + 2490/(-27))?
5
Let z be 6/(0 + 8/(-12)). Let w = z - -12. Suppose 0 = -3*q - 0*q + 2*t + 69, w*q - 48 = -5*t. What is the units digit of q?
1
Let r = 35 - 33. Let y(v) = -2*v**2 + 12*v + 13*v**r - v**3 - 7*v**2 - 6*v**2 - 3. What is the tens digit of y(-6)?
6
Let v(u) be the second derivative of -u**5/10 - u**4/6 - u**3/2 + 3*u**2/2 + 7*u. Let s be v(-3). Suppose 2*d - 16 - s = 0. What is the units digit of d?
2
Suppose 21 = -4*z - 3. Let j = -5 - z. What is the units digit of j?
1
Let m be (-2)/(-5) + (-270)/50. What is the units digit of (-32)/20 + 2 - 293/m?
9
What is the tens digit of ((-1399)/2)/1*316/(-79)?
9
Let a = -15 + 27. Suppose -w = w - 2*c - a, 0 = -5*c. Suppose -f + 25 = w. What is the tens digit of f?
1
Suppose -16*k - 149 = -z - 12*k, -4*k - 455 = -3*z. What is the tens digit of z?
5
Suppose 0 = 4*q + 9 - 25, 0 = -2*n - 4*q + 396. What is the hundreds digit of n?
1
Let j = 2459 - 1359. What is the units digit of j?
0
Suppose -13 - 11 = -2*v. What is the units digit of v/10*(-275)/(-10)?
3
Suppose -3*c = 0, 0 = 2*k + 2*c + 83 - 263. What is the units digit of k?
0
Suppose 0 = 168*w - 169*w + 3601. What is the thousands digit of w?
3
Suppose 0 = 8*b - 9*b + 4. Suppose 3*i = -5*f + b*f + 165, -2*f = i - 305. What is the tens digit of f?
5
Let w = -106 - -104. Let a(d) = 16*d**2 + 2*d - 2. What is the units digit of a(w)?
8
Suppose 12 = -3*z + 7*z. Let d be (-5)/(-15)*z*3. What is the units digit of 3 - d - -52 - 3?
9
Let k = 166 + -449. Let j = k - -454. What is the tens digit of j?
7
Let m = 49 - 29. Let o = m + -14. Suppose u - 37 = o. What is the tens digit of u?
4
Let m be (-2 - -5)/((-2)/(-2)). Suppose 4*q - 339 = -j, -q - m*q - 5*j + 351 = 0. What is the units digit of q?
4
Let p(u) = -2*u**3 - 2*u**2 + 9*u - 10. What is the units digit of p(-5)?
5
Let w(u) = -4*u**2 + 12*u + 1. Let x(c) = -5*c**2 + 11*c. Let g(m) = 5*w(m) - 6*x(m). What is the tens digit of g(3)?
7
Let x(w) be the second derivative of -w**5/20 + w**4 - 2*w**3/3 - 7*w**2/2 + 4*w. Let l be x(8). What is the units digit of l/4 + 5/(-20)?
4
Let y = 2 - -50. Suppose y = -2*b + l + 212, 0 = 3*b + 4*l - 262. What is the tens digit of b?
8
Let y(a) = 252*a + 8. What is the hundreds digit of y(3)?
7
Suppose 29*d + 9*d = 11856. What is the units digit of d?
2
Suppose 0 = 2*y - 4, 4*y = -2*c + 2*y - 1324. What is the tens digit of ((-3)/12)/(2/c)?
8
Let q(h) = 14*h + 24. Let y(g) = -5*g - 8. Let p(n) = 4*q(n) + 11*y(n). Let i = 47 - 34. What is the tens digit of p(i)?
2
What is the hundreds digit of 2/6 + ((-3327)/9)/(-1)?
3
Suppose -72 = -4*c - 0. Suppose c + 36 = s - 2*d, 0 = -2*s + 2*d + 112. What is the units digit of s?
8
Suppose p + 30*o - 33*o = 4024, 3*p - 12104 = o. What is the tens digit of p?
3
Let u = 46 + -43. Suppose -27 = -4*f + 3*t, u*t + 29 = 4*f - 2*t. What is the units digit of f?
6
Let b(h) = 0*h + h - 2 + 2*h. Let s be b(2). Suppose 0 = -s*a - a + 125. What is the tens digit of a?
2
Let v be (1 - 21)*(-1 - 15/(-20)). Let x be 4 + 1 + (-1 - 3). Suppose -4 - x = -v*j, f - 10 = j. What is the units digit of f?
1
What is the units digit of (4 - -595)*(3 - 2)?
9
Let r(p) = 2*p**2 - 23*p + 427. What is the hundreds digit of r(36)?
1
Let m(v) = v**2 - 7*v + 8. Suppose k = -3*g + 11, 6 = -3*k + 3. Let b = 7 + g. What is the tens digit of m(b)?
5
Suppose -4*d = -3*d. Suppose 2*v + v - 12 = d, 4*s = 4*v + 88. What is the tens digit of s?
2
Let j be -8*((0 - -4) + -3). Let x be 12/j + 12/(-8). What is the units digit of 46/(-6)*x*1?
3
Let q be 1225/7 - ((-1 - -1) + 1). Let n = q + -124. What is the units digit of n?
0
Let c = -55 + 57. What is the units digit of 3/(-9) - c*(-28)/24?
2
Let a(o) = -21*o + 37. Let y(q) = 14*q - 25. Let v(i) = 5*a(i) + 8*y(i). Let j be 24/4*(-2 + 3). What is the tens digit of v(j)?
2
Let o be (4 - 4)*3/6. Suppose 0*j - j - 8 = o. Let z = j - -9. What is the units digit of z?
1
Let p(o) = -3*o**3 - 15*o**2 + 3*o + 15. What is the units digit of p(-9)?
0
Suppose 0 = 4*g - 2 - 22. Suppose 0 = d - g - 2. Let p = d + 6. What is the units digit of p?
4
Suppose 0 = -b - 0*o + 2*o + 44, 0 = 3*b - 2*o - 148. Suppose -87*v - b = -91*v. What is the tens digit of v?
1
Suppose 3*g - 2*z + 258 = 5*g, 0 = 4*g - 4*z - 476. Suppose n + 3*y = 287, -2*n + g = -4*y - 420. What is the tens digit of n?
7
Suppose -7*p + 2416 = p. Suppose 3*k - p = k + 4*q, 4*q = k - 149. What is the tens digit of k?
5
Let s(a) = a**3 + 7*a**2 + 5*a - 4. Let m be s(-6). Suppose -r - 64 = -4*r + 2*y, -y - 44 = -m*r. Let g = -17 + r. What is the units digit of g?
7
Let l = -534 - -228. Let d = 477 + l. Suppose -5*x = 31 - d. What is the units digit of x?
8
Suppose 0*x + 3*x - 23 = 4*k, 5*x = k + 27. What is the units digit of (2/x - (-14)/(-35)) + 4?
4
Suppose 4*b + 30 = 3*b. Let p be (-785)/b + 2/(-12). Suppose -p - 34 = -2*h. What is the units digit of h?
0
Suppose 5*p + 18*o - 4060 = 21*o, -p + 812 = -5*o. What is the hundreds digit of p?
8
What is the units digit of 4699/3 + (-24)/72?
6
Let i(f) = f**2 - 5*f + 3. Let n be i(5). Suppose -3*r = -n, 4*s - 4*r = r + 467. What is the tens digit of s?
1
Let j be 0*(-1 - -3 - 3). Suppose -y + 19 + 49 = j. Suppose -n = 3*n - y. What is the units digit of n?
7
Let g = -26 + 28. Suppose -k + 201 = g*k. What is the tens digit of k?
6
Let y = -1215 - -4357. What is the units digit of y?
2
Let k(o) = 13*o - 5. Let m(c) = -c**3 - 7*c**2 - 7*c - 5. Let f be m(-6). What is the units digit of k(f)?
8
Let o(n) = -3*n - 7. Let m be o(-6). Suppose -m*s = -8*s - 6. Suppose s*c - 92 = -2*c. What is the units digit of c?
3
Suppose 0 = -5*n + 2*x, -n = 3*n - 4*x + 12. What is the tens digit of (83 - 8) + 0 + n?
7
Suppose -3*w + 7*z = 2*z + 58, 0 = w - 5*z + 26. What is the tens digit of w/24 + 400/6?
6
Let x = -7 - 416. Let j = -278 - x. What is the hundreds digit of j?
1
What is the tens digit of -3 - (-11846)/8 - (-1)/4?
7
Suppose 3*j - 43 = 320. Let p be -78 - (4 + -3)/((-1)/(-3)). Let s = j + p. What is the tens digit of s?
4
Let w(p) = -4*p**3 + 57*p**2 + 29*p - 20. Let z(i) = -i**3 + 14*i**2 + 7*i - 5. Let l(n) = -2*w(n) + 9*z(n). What is the hundreds digit of l(6)?
2
Suppose -q + 1 - 9 = 0. Let l(o) = o**2 + 8*o. Let h be l(q). Let v(b) = -b**2 + 40. What is the units digit of v(h)?
0
Let n = -40 - -57. Suppose -4 = -3*m + n. Suppose 0 = 5*f - m*f + 62. What is the units digit of f?
1
Suppose -2*g - 4*a - 12 = 0, g - a + 8 = -4*g. Let y = g + 13. Suppose -r - r = -3*n + 49, n - y = -2*r. What is the units digit of n?
5
Let z(q) = 3 - 3*q**2 + 2*q**2 + 28*q + 10 - 26. What is the tens digit of z(12)?
7
Let n(y) = y + 5. Suppose -2*o - 18 = 3*f, o = -0*o + 5*f + 4. Let d be n(o). What is the tens digit of 16 + d - 6/2?
1
Let q(b) = -b + 5. Let a be q(-13). What is the units digit of 430/4 + (-9)/a?
7
Let t(q) be the first derivative of 14*q**3/3 - q**2 + 2*q - 10. What is the tens digit of t(1)?
1
Let s(v) = -86*v + 55. What is the hundreds digit of s(-8)?
7
Suppose 4*y = p + 1355, p = 3*y - 219 - 796. Suppose -9*a = -5*a - y. What is the tens digit of a?
8
Let b be (45/20)/(3/(-12)). Let u(s) = s**3 + 10*s**2 + 8*s - 3. What is the units digit of u(b)?
6
Let h(n) = -n**2 + 16*n + 4. Let a be h(16). Suppose -a*u + 0*u + 116 = 0. What is the tens digit of u?
2
Let a(d) = d**2 + 4*d - 2. Let j be a(-4). Let c be j/(8/12) + -7. Let u = c + 23. What is the units digit of u?
3
Suppose -21 = j - o, -11 + 114 = -5*j + 4*o. Suppose 0 = -t - 4*t + 140. Let p = j + t. What is the units digit of p?
9
Suppose -6*j + j = 5*l - 325, 355 = 5*l - j. What is the tens digit of (-22 - 0)/((-28)/l)?
5
Let n = 88 - 95. Let z(t) = t**2 + 13 + 0